{"id":1267,"date":"2023-01-22T12:37:46","date_gmt":"2023-01-22T09:37:46","guid":{"rendered":"https:\/\/www.halicgoldenhorn.org\/?page_id=1267"},"modified":"2026-01-14T10:35:57","modified_gmt":"2026-01-14T07:35:57","slug":"festival-ekip-team","status":"publish","type":"page","link":"https:\/\/www.halicfilmfest.org\/index.php\/festival\/festival-ekip-team\/","title":{"rendered":"Festival Ekip \/ Team"},"content":{"rendered":"\n\t<p><strong>5. Uluslararas\u0131 Hali\u00e7 Goldenhorn Film Festivali <\/strong><\/p>\nFestival Kurucu Ba\u015fkan\u0131<br \/>\n<strong>Mehmet Oflazo\u011flu<\/strong>\nFestival Dan\u0131\u015fma Kurulu \u00dcyeleri<br \/>\n<strong>Prof. Dr. \u015e\u00fckr\u00fc Sim \u0130stanbul \u00dcniversitesi<br \/>\nProf. Sefa \u00c7eliksap \u0130stanbul Ayd\u0131n \u00dcniversitesi<br \/>\nProf. Arif Can G\u00fcng\u00f6r \u0130stanbul Ayd\u0131n \u00dcniversitesi<br \/>\nDo\u00e7. Dr. Hasan G\u00fcrkan \u0130stinye \u00dcniversitesi<br \/>\nDo\u00e7. Dr. Emre Ahmet Se\u00e7men &#8211; Beykoz \u00dcniversitesi-<br \/>\nDo\u00e7. Dr. Zuhal Akme\u015fe Demir-Dicle \u00dcniversitesi<br \/>\nDo\u00e7. Dr. Elif Demo\u011flu Marmara \u00dcniversitesi<br \/>\nDr. Do\u011fu\u015fcan G\u00f6ker Sakarya \u00dcniversitesi<br \/>\nDr. \u00d6\u011fr. \u00dcyesi. An\u0131l Durmu\u015fahmet Do\u011fu\u015f \u00dcniversitesi<br \/>\nDr. \u00d6gr. G\u00f6r. Fatih Ceylan Tokat GaziosmanPa\u015fa \u00dcniversitesi<\/strong>\nFestival Direkt\u00f6r\u00fc<br \/>\n<strong>Prof. Dr. Aybike Sertta\u015f<\/strong>\nSanat Y\u00f6netmeni<br \/>\n<strong>Dr. \u00d6\u011fr. \u00dcyesi Sema Bulat Demir<\/strong>\nFestival Koordinat\u00f6r\u00fc<br \/>\n<strong>Dr. \u00d6\u011fr. \u00dcyesi Burhan K\u0131l\u0131\u00e7<br \/>\nDr. \u00d6\u011fr. \u00dcyesi Esra \u00d6zt\u00fcrk Bedir<\/strong>\n\u00a0Sosyal Medya<br \/>\n<strong>Buse Kaska<br \/>\n\u0130rem Hakver<br \/>\n\u0130layda Yolda\u015f<br \/>\nShirina Parhadova<br \/>\nSude Albayrak<br \/>\nAsl\u0131 \u0130lge\u00e7<\/strong>\n","protected":false},"excerpt":{"rendered":"<p>5. Uluslararas\u0131 Hali\u00e7 Goldenhorn Film Festivali Festival Kurucu Ba\u015fkan\u0131 Mehmet Oflazo\u011flu Festival Dan\u0131\u015fma Kurulu \u00dcyeleri Prof. Dr. \u015e\u00fckr\u00fc Sim \u0130stanbul \u00dcniversitesi Prof. Sefa \u00c7eliksap \u0130stanbul Ayd\u0131n \u00dcniversitesi Prof. Arif Can G\u00fcng\u00f6r \u0130stanbul Ayd\u0131n \u00dcniversitesi Do\u00e7. Dr. Hasan G\u00fcrkan \u0130stinye \u00dcniversitesi Do\u00e7. Dr. Emre Ahmet Se\u00e7men &#8211; Beykoz \u00dcniversitesi- Do\u00e7. Dr. Zuhal Akme\u015fe Demir-Dicle \u00dcniversitesi Do\u00e7. [&hellip;]<\/p>\n","protected":false},"author":1,"featured_media":0,"parent":1060,"menu_order":0,"comment_status":"closed","ping_status":"closed","template":"","meta":{"site-sidebar-layout":"no-sidebar","site-content-layout":"page-builder","ast-site-content-layout":"default","site-content-style":"default","site-sidebar-style":"default","ast-global-header-display":"","ast-banner-title-visibility":"","ast-main-header-display":"","ast-hfb-above-header-display":"","ast-hfb-below-header-display":"","ast-hfb-mobile-header-display":"","site-post-title":"disabled","ast-breadcrumbs-content":"","ast-featured-img":"disabled","footer-sml-layout":"","theme-transparent-header-meta":"default","adv-header-id-meta":"","stick-header-meta":"","header-above-stick-meta":"","header-main-stick-meta":"","header-below-stick-meta":"","astra-migrate-meta-layouts":"default","ast-page-background-enabled":"default","ast-page-background-meta":{"desktop":{"background-color":"","background-image":"","background-repeat":"repeat","background-position":"center center","background-size":"auto","background-attachment":"scroll","background-type":"","background-media":"","overlay-type":"","overlay-color":"","overlay-opacity":"","overlay-gradient":""},"tablet":{"background-color":"","background-image":"","background-repeat":"repeat","background-position":"center center","background-size":"auto","background-attachment":"scroll","background-type":"","background-media":"","overlay-type":"","overlay-color":"","overlay-opacity":"","overlay-gradient":""},"mobile":{"background-color":"","background-image":"","background-repeat":"repeat","background-position":"center center","background-size":"auto","background-attachment":"scroll","background-type":"","background-media":"","overlay-type":"","overlay-color":"","overlay-opacity":"","overlay-gradient":""}},"ast-content-background-meta":{"desktop":{"background-color":"var(--ast-global-color-5)","background-image":"","background-repeat":"repeat","background-position":"center center","background-size":"auto","background-attachment":"scroll","background-type":"","background-media":"","overlay-type":"","overlay-color":"","overlay-opacity":"","overlay-gradient":""},"tablet":{"background-color":"var(--ast-global-color-5)","background-image":"","background-repeat":"repeat","background-position":"center center","background-size":"auto","background-attachment":"scroll","background-type":"","background-media":"","overlay-type":"","overlay-color":"","overlay-opacity":"","overlay-gradient":""},"mobile":{"background-color":"var(--ast-global-color-5)","background-image":"","background-repeat":"repeat","background-position":"center center","background-size":"auto","background-attachment":"scroll","background-type":"","background-media":"","overlay-type":"","overlay-color":"","overlay-opacity":"","overlay-gradient":""}},"footnotes":""},"class_list":["post-1267","page","type-page","status-publish","hentry"],"_links":{"self":[{"href":"https:\/\/www.halicfilmfest.org\/index.php\/wp-json\/wp\/v2\/pages\/1267","targetHints":{"allow":["GET"]}}],"collection":[{"href":"https:\/\/www.halicfilmfest.org\/index.php\/wp-json\/wp\/v2\/pages"}],"about":[{"href":"https:\/\/www.halicfilmfest.org\/index.php\/wp-json\/wp\/v2\/types\/page"}],"author":[{"embeddable":true,"href":"https:\/\/www.halicfilmfest.org\/index.php\/wp-json\/wp\/v2\/users\/1"}],"replies":[{"embeddable":true,"href":"https:\/\/www.halicfilmfest.org\/index.php\/wp-json\/wp\/v2\/comments?post=1267"}],"version-history":[{"count":14,"href":"https:\/\/www.halicfilmfest.org\/index.php\/wp-json\/wp\/v2\/pages\/1267\/revisions"}],"predecessor-version":[{"id":2320,"href":"https:\/\/www.halicfilmfest.org\/index.php\/wp-json\/wp\/v2\/pages\/1267\/revisions\/2320"}],"up":[{"embeddable":true,"href":"https:\/\/www.halicfilmfest.org\/index.php\/wp-json\/wp\/v2\/pages\/1060"}],"wp:attachment":[{"href":"https:\/\/www.halicfilmfest.org\/index.php\/wp-json\/wp\/v2\/media?parent=1267"}],"curies":[{"name":"wp","href":"https:\/\/api.w.org\/{rel}","templated":true}]}}