{"id":1060,"date":"2022-12-07T19:11:08","date_gmt":"2022-12-07T16:11:08","guid":{"rendered":"https:\/\/www.halicgoldenhorn.org\/?page_id=1060"},"modified":"2026-01-04T14:36:52","modified_gmt":"2026-01-04T11:36:52","slug":"festival","status":"publish","type":"page","link":"https:\/\/www.halicfilmfest.org\/index.php\/festival\/","title":{"rendered":"Festival"},"content":{"rendered":"\n\t<p><strong>Hali\u00e7 Goldenhorn Uluslararas\u0131 Film Festivali<\/strong><\/p>\n<p>Hali\u00e7 Goldenhorn Uluslararas\u0131 Film Festivali, T\u00fcrk sinemas\u0131n\u0131n geli\u015fimini desteklemek, uluslararas\u0131 alanda g\u00f6r\u00fcn\u00fcrl\u00fc\u011f\u00fcn\u00fc art\u0131rmak ve nitelikli yap\u0131mlar\u0131 izleyiciyle bulu\u015fturmak amac\u0131yla 2021 y\u0131l\u0131ndan bu yana \u0130stanbul\u2019da d\u00fczenlenmektedir. Festival, ba\u011f\u0131ms\u0131z ve yarat\u0131c\u0131 sinema \u00fcretimlerini destekleyerek sinemaya yeni bir ifade alan\u0131 kazand\u0131rmay\u0131 hedeflemektedir.<\/p>\n<p>Avrasya b\u00f6lgesinde sinema d\u00fcnyas\u0131n\u0131n merkezi olma vizyonuyla hareket eden festival; y\u00f6netmenleri, yap\u0131mc\u0131lar\u0131, akademisyenleri ve sekt\u00f6r profesyonellerini ayn\u0131 \u00e7at\u0131 alt\u0131nda bulu\u015fturan g\u00fc\u00e7l\u00fc bir platform sunmaktad\u0131r. G\u00f6sterimler, s\u00f6yle\u015filer, at\u00f6lyeler ve akademik etkinliklerle sinemay\u0131 yaln\u0131zca sanatsal de\u011fil; k\u00fclt\u00fcrel, e\u011fitsel ve ekonomik bir de\u011fer olarak ele alan \u00e7ok katmanl\u0131 bir yap\u0131 olu\u015fturmaktad\u0131r.<\/p>\n<p>2021\u20132025 y\u0131llar\u0131 aras\u0131nda \u00e7evrim i\u00e7i ve fiziksel mek\u00e2nlarda d\u00fczenlenen be\u015f edisyon boyunca; \u00fcniversiteler, belediyeler ve k\u00fclt\u00fcr kurumlar\u0131yla i\u015f birlikleri kurulmu\u015f, d\u00fcnyan\u0131n bir\u00e7ok \u00fclkesinden filmler izleyiciyle bulu\u015fturulmu\u015f, alan\u0131nda yetkin j\u00fcri \u00fcyeleriyle de\u011ferlendirme s\u00fcre\u00e7leri y\u00fcr\u00fct\u00fclm\u00fc\u015ft\u00fcr. Akademik \u00f6d\u00fclleriyle bilimsel katk\u0131y\u0131 da \u00f6nceleyen festival, s\u00fcrd\u00fcr\u00fclebilir bir sinema ekosistemi yaratmay\u0131 ama\u00e7lamaktad\u0131r.<\/p>\n","protected":false},"excerpt":{"rendered":"<p>Hali\u00e7 Goldenhorn Uluslararas\u0131 Film Festivali Hali\u00e7 Goldenhorn Uluslararas\u0131 Film Festivali, T\u00fcrk sinemas\u0131n\u0131n geli\u015fimini desteklemek, uluslararas\u0131 alanda g\u00f6r\u00fcn\u00fcrl\u00fc\u011f\u00fcn\u00fc art\u0131rmak ve nitelikli yap\u0131mlar\u0131 izleyiciyle bulu\u015fturmak amac\u0131yla 2021 y\u0131l\u0131ndan bu yana \u0130stanbul\u2019da d\u00fczenlenmektedir. Festival, ba\u011f\u0131ms\u0131z ve yarat\u0131c\u0131 sinema \u00fcretimlerini destekleyerek sinemaya yeni bir ifade alan\u0131 kazand\u0131rmay\u0131 hedeflemektedir. Avrasya b\u00f6lgesinde sinema d\u00fcnyas\u0131n\u0131n merkezi olma vizyonuyla hareket eden festival; y\u00f6netmenleri, [&hellip;]<\/p>\n","protected":false},"author":1,"featured_media":0,"parent":0,"menu_order":0,"comment_status":"closed","ping_status":"closed","template":"","meta":{"site-sidebar-layout":"no-sidebar","site-content-layout":"page-builder","ast-site-content-layout":"default","site-content-style":"default","site-sidebar-style":"default","ast-global-header-display":"","ast-banner-title-visibility":"","ast-main-header-display":"","ast-hfb-above-header-display":"","ast-hfb-below-header-display":"","ast-hfb-mobile-header-display":"","site-post-title":"disabled","ast-breadcrumbs-content":"","ast-featured-img":"disabled","footer-sml-layout":"","theme-transparent-header-meta":"","adv-header-id-meta":"","stick-header-meta":"","header-above-stick-meta":"","header-main-stick-meta":"","header-below-stick-meta":"","astra-migrate-meta-layouts":"default","ast-page-background-enabled":"default","ast-page-background-meta":{"desktop":{"background-color":"","background-image":"","background-repeat":"repeat","background-position":"center center","background-size":"auto","background-attachment":"scroll","background-type":"","background-media":"","overlay-type":"","overlay-color":"","overlay-opacity":"","overlay-gradient":""},"tablet":{"background-color":"","background-image":"","background-repeat":"repeat","background-position":"center center","background-size":"auto","background-attachment":"scroll","background-type":"","background-media":"","overlay-type":"","overlay-color":"","overlay-opacity":"","overlay-gradient":""},"mobile":{"background-color":"","background-image":"","background-repeat":"repeat","background-position":"center center","background-size":"auto","background-attachment":"scroll","background-type":"","background-media":"","overlay-type":"","overlay-color":"","overlay-opacity":"","overlay-gradient":""}},"ast-content-background-meta":{"desktop":{"background-color":"var(--ast-global-color-5)","background-image":"","background-repeat":"repeat","background-position":"center center","background-size":"auto","background-attachment":"scroll","background-type":"","background-media":"","overlay-type":"","overlay-color":"","overlay-opacity":"","overlay-gradient":""},"tablet":{"background-color":"var(--ast-global-color-5)","background-image":"","background-repeat":"repeat","background-position":"center center","background-size":"auto","background-attachment":"scroll","background-type":"","background-media":"","overlay-type":"","overlay-color":"","overlay-opacity":"","overlay-gradient":""},"mobile":{"background-color":"var(--ast-global-color-5)","background-image":"","background-repeat":"repeat","background-position":"center center","background-size":"auto","background-attachment":"scroll","background-type":"","background-media":"","overlay-type":"","overlay-color":"","overlay-opacity":"","overlay-gradient":""}},"footnotes":""},"class_list":["post-1060","page","type-page","status-publish","hentry"],"_links":{"self":[{"href":"https:\/\/www.halicfilmfest.org\/index.php\/wp-json\/wp\/v2\/pages\/1060","targetHints":{"allow":["GET"]}}],"collection":[{"href":"https:\/\/www.halicfilmfest.org\/index.php\/wp-json\/wp\/v2\/pages"}],"about":[{"href":"https:\/\/www.halicfilmfest.org\/index.php\/wp-json\/wp\/v2\/types\/page"}],"author":[{"embeddable":true,"href":"https:\/\/www.halicfilmfest.org\/index.php\/wp-json\/wp\/v2\/users\/1"}],"replies":[{"embeddable":true,"href":"https:\/\/www.halicfilmfest.org\/index.php\/wp-json\/wp\/v2\/comments?post=1060"}],"version-history":[{"count":41,"href":"https:\/\/www.halicfilmfest.org\/index.php\/wp-json\/wp\/v2\/pages\/1060\/revisions"}],"predecessor-version":[{"id":2303,"href":"https:\/\/www.halicfilmfest.org\/index.php\/wp-json\/wp\/v2\/pages\/1060\/revisions\/2303"}],"wp:attachment":[{"href":"https:\/\/www.halicfilmfest.org\/index.php\/wp-json\/wp\/v2\/media?parent=1060"}],"curies":[{"name":"wp","href":"https:\/\/api.w.org\/{rel}","templated":true}]}}